 h**3/3 - h**2 - 6*h + 16. Let k be z(-2). Let s = 69 + k. What are the prime factors of s?
3, 29
Suppose -4*f + 3*c - 18 = -5*f, -10 = -2*c. Let l(g) = 8*g**3 - 2*g**2 + 11*g - 15. What are the prime factors of l(f)?
2, 3
Suppose 36*d - 686125 = 34307. What are the prime factors of d?
2, 5003
Suppose -108*c = 54251 - 636047. List the prime factors of c.
5387
Suppose -427 = 4*s - u + 45, -3*u = s + 131. Suppose -18*q = -16*q - 122. Let r = q - s. List the prime factors of r.
2, 3, 5
Let k = -65 - -9. Let f = k + 315. What are the prime factors of f?
7, 37
Suppose 0 = 17*j - 23*j + 12. Let w be (2 + -1 - j)*(3 + -8). Suppose 4*g + 137 = s, s - 120 + 1 = -w*g. What are the prime factors of s?
3, 43
Suppose -4*g - 5*x + 38983 = 0, 4*x = -2*g + 8794 + 10696. What are the prime factors of g?
3, 19
Suppose 4*u = -4*z - z + 1, u - 3*z - 13 = 0. Suppose -2*o + 0*f - 6 = -2*f, -14 = u*o - 2*f. Let x = o + 29. List the prime factors of x.
5
Let b(c) = -3*c + 18. Let n be b(6). Suppose -y = h - 9, n*y = -4*y - 5*h + 37. What are the prime factors of ((-12112)/(-6))/y - 1/3?
2, 3, 7
Let u = 389 + -398. Let h(b) = 9*b**2 + 20*b - 17. What are the prime factors of h(u)?
2, 7, 19
Let o = 72 - 148. Let b = 67 + o. Let h(l) = -18*l + 27. What are the prime factors of h(b)?
3, 7
Let z(r) = 12*r**3 - 15*r + 67. Let a(v) = 5*v**3 - v**2 - 7*v + 34. Let n(m) = 5*a(m) - 2*z(m). What are the prime factors of n(11)?
7, 101
Let h be (2 - 0) + (24439 - 13). Suppose -1349 + h = 21*i. What are the prime factors of i?
7, 157
Let x(n) = 376 + 110*n**2 + 0*n + 33*n**2 - 358 + 2*n. What are the prime factors of x(-3)?
3, 433
Let n(h) = -15*h**3 + 9*h**2 + 25*h - 203. What are the prime factors of n(-11)?
2, 643
Let y be (-6)/(-4) - 2527/(-2). Suppose 3*l - 2*m + m - 3789 = 0, l - m = y. List the prime factors of l.
2, 631
Let o = 1890 - 721. Suppose 2*j - f = 5*j - 1754, 0 = -2*j - f + o. List the prime factors of j.
3, 5, 13
Let d(w) = w**3 + 16*w**2 + 23*w + 22. Let y be d(-12). Suppose -y = -l - t, 2*l - 298 - 347 = -3*t. List the prime factors of l.
3, 107
Let j(a) be the first derivative of 7*a**3 - 7*a**2/2 + 6*a - 8. Let i be j(5). Suppose 2*n - i = -4*d - 3*n, -2*d - 4*n = -242. List the prime factors of d.
3, 43
Let t = -47 + 46. What are the prime factors of (t - -38)*(-26)/(-13)?
2, 37
Let v(g) = -22*g + 110. Let s be v(5). Suppose s = 103*d - 99*d - 3472. What are the prime factors of d?
2, 7, 31
Suppose 11*z - 28*z = 238. List the prime factors of 3546/(-3)*z/28.
3, 197
Let f be 9/((-18)/(-1444)) - 6. Let x = f + -361. What are the prime factors of x?
5, 71
Suppose -8077 + 70159 = 18*d. List the prime factors of d.
3449
Let k = -990 + 2864. Suppose -15*l - 4*w = -10*l - 1879, -w - k = -5*l. What are the prime factors of l?
3, 5
Suppose 0 = 26*s - 6*s - 265141 - 279179. What are the prime factors of s?
2, 3, 7
Suppose 3*z = 5238 + 4245. Let k = z - 2069. What are the prime factors of k?
2, 3, 7, 13
Let t be -25 + 30 - -22*7. Suppose 334 = 3*z - z - 4*b, -4*b = -z + t. List the prime factors of z.
5, 7
Suppose -7*p - 18 + 130 = 0. Suppose -5921 = -p*a + 5871. List the prime factors of a.
11, 67
Let f(m) = -3*m**3 - m**2 - 5*m. Let p(d) = 2*d**2 - 29*d - 18. Let w be (66/(-99))/(((-4)/(-45))/(-2)). Let y be p(w). What are the prime factors of f(y)?
3, 29
Let x be (2 - 4)*1 - (-1296)/8. Let z = x - -369. What are the prime factors of z?
23
Suppose -143*l = -1235279 - 2086325. List the prime factors of l.
2, 5807
Let d(m) = -m**2 + 14*m - 1 + 6*m**2 - 7. Suppose 2*c + 192*q = 193*q - 15, 5*q - 5 = 0. What are the prime factors of d(c)?
139
Suppose -496 + 3813 = 10*r + 217. List the prime factors of r.
2, 5, 31
Suppose -f = 2*l - 6, 8*l = 5*f + 7*l - 85. What are the prime factors of -63*f/24*11/(-3)?
2, 7, 11
Suppose 49*o - 147*o - 138*o = -5980240. What are the prime factors of o?
2, 5, 7, 181
Suppose 2*c - 135 = -y + 2550, 0 = 4*c - 5*y - 5377. Let b be c*(6 - 5) - -1. Suppose -5*a - 24 = -b. List the prime factors of a.
2, 3, 11
Suppose 2*z - 13 = -y, 0 = y - 0 - 3. Let r(l) = z*l + 229*l**2 - 5 - 455*l**2 + 273*l**3 + 227*l**2. What are the prime factors of r(1)?
2, 137
Let u = -10024 - -19594. What are the prime factors of u?
2, 3, 5, 11, 29
Let d = 11678 - 5892. List the prime factors of d.
2, 11, 263
Let g = 19 + -8. Let h(f) = 3*f**2 + 5*f - 10. Let c(q) = -16*q**2 - 25*q + 50. Let d(z) = g*h(z) + 2*c(z). What are the prime factors of d(4)?
2, 13
Suppose 43*c - 426 = 45*c. Let y = c + 415. List the prime factors of y.
2, 101
Let w(d) = 51*d**2 - 42*d + 187. List the prime factors of w(4).
5, 167
Suppose 4*c + 13*o = 9*o + 3512, 4*o - 878 = -c. What are the prime factors of c?
2, 439
List the prime factors of -6 - -1 - ((-2)/3)/((-20)/(-314310)).
2, 7, 11, 17
Let l = -216 - -101. Let c = -15 + l. Let x = 0 - c. What are the prime factors of x?
2, 5, 13
Let i be 2/(-2) - (-3 - -4)*-7. Suppose 0*t + 3*t = i. Suppose 4*r - 52 = 2*r - 5*v, -t*r - 3*v = -56. List the prime factors of r.
31
Let s(c) be the second derivative of -c**5/60 + c**4/3 - 11*c**3/6 + 5*c**2/2 + 14*c. Let q(i) be the first derivative of s(i). List the prime factors of q(4).
5
Suppose 13*g + 93 = 44*g. List the prime factors of (g - (-54)/(-12))*4830/(-9).
5, 7, 23
Let h = 3128 - -296. What are the prime factors of h?
2, 107
Let p(v) = -v**3 - 6*v - 21. Let u(t) = -t**2 - 1. Let r(l) = p(l) - 6*u(l). List the prime factors of r(-7).
2, 83
Let k(m) = m**3 - 3*m - 10. Let o be k(3). Suppose o*x - 560 = 2912. What are the prime factors of x?
2, 7, 31
Let m(b) = 11*b**2 + b + 7. Let v(p) = -2*p**3 - 2*p**2 - p - 4. Let s be v(-2). Suppose 2*u + s + 0 = 0. List the prime factors of m(u).
103
Suppose a - 6 = -2*a. Suppose -304 = -a*t + 144. List the prime factors of t.
2, 7
Let r = 61234 + -26705. List the prime factors of r.
11, 43, 73
Suppose -3*g + 7515 = -4*a, -2*a - 1500 = -5*g + 2261. Let l = 2906 + a. What are the prime factors of l?
2, 257
Suppose 261*h = 267*h - 13896. What are the prime factors of h?
2, 3, 193
Suppose 2*r + 4*o = -0*r - 22, -3*r = 5*o + 30. Let k(a) = -a**3 - 5*a**2 + 6. Let l be k(r). Suppose -g = -l*g + 340. What are the prime factors of g?
2, 17
Let y(s) = -5515*s + 3617. What are the prime factors of y(-4)?
3, 317
Let c = -416 + 411. Let l(v) = -164*v + 17. List the prime factors of l(c).
3, 31
Let b(f) = f**2 + 10*f + 17. Suppose -19 = 2*p - 3*d, 2*p + 5*d - 2*d + 13 = 0. Let y be b(p). What are the prime factors of (8 + -11)*-37*y?
3, 37
Suppose 0*d - 4*d = 276. Let t = -66 - d. Suppose 0 = -4*p - 16, -348 + 114 = -t*g - 3*p. List the prime factors of g.
2, 41
Let o = 4099 + -6008. Let l = 3280 + o. List the prime factors of l.
3, 457
Let m(n) = n**3 + 33*n**2 + 17. List the prime factors of m(-20).
3, 37, 47
Let c(f) = 6*f - 8. Let s(o) = -o - 13. Let z be s(-6). Let h be c(z). Let t = 56 - h. What are the prime factors of t?
2, 53
Let h = 143 + -164. What are the prime factors of (603/6)/(h/(-56))?
2, 67
Let p = -27 + 53. Suppose 31*f - p*f = -10. What are the prime factors of ((-144)/45)/(f/20)?
2
Suppose 5*p - 346 = 324. Let x(b) = b**3 + 12*b**2 - 10*b - 7. Let h be x(-6). Suppose c - p = k, 0 = -2*c - 0*k + k + h. What are the prime factors of c?
3, 5
Let x(m) = 4*m**2 - 118*m + 78. Let h = -39 + 77. List the prime factors of x(h).
2, 5, 137
Let u = -45832 + 67460. List the prime factors of u.
2, 5407
Suppose -87*b + 3029178 = -44*b. What are the prime factors of b?
2, 3, 59, 199
Let c = 173 + -147. Suppose 0 = 2*x - c*x + 1608. List the prime factors of x.
67
Let a(s) = -2*s**3 - s**2 - s - 1. Let c(z) = -7*z**3 + 17*z**2 - 5*z + 5. Let j(d) = -3*a(d) + c(d). List the prime factors of j(19).
331
List the prime factors of (39 - 44)*(-582 + 0).
2, 3, 5, 97
Let q = -22 + 54. Suppose -h = -2*h + q. Let g = h - 11. List the prime factors of g.
3, 7
Suppose -242*p + 156*p = -748544. What are the prime factors of p?
2, 17
Suppose 72*k - 1242429 - 1630443 = 0. What are the prime factors of k?
39901
Suppose -3*n - 3*s + 3 = 6, 5*n = -4*s - 10. Let k be (99/(-55))/(n/40). What are the prime factors of k/(-78) + (-1549)/(-13)?
7, 17
Let r = -59 - -57. What are the prime factors of r + ((-5)/(-1) - (-737 + -2))?
2, 7, 53
Let c = -6560 + 10441. Suppose -v + 4*v = -5*t